{"id":28,"date":"2020-03-06T12:04:27","date_gmt":"2020-03-06T11:04:27","guid":{"rendered":"http:\/\/viensonsed89.fr\/?page_id=28"},"modified":"2023-07-09T17:13:37","modified_gmt":"2023-07-09T15:13:37","slug":"doc-officiels","status":"publish","type":"page","link":"https:\/\/www.viensonsed89.fr\/index.php\/doc-officiels\/","title":{"rendered":"Docs Officiels"},"content":{"rendered":"\n<p><strong>Synth\u00e8se du Protocole National de Diagnostic et de Soins<\/strong> (PNDS) du Syndromes d\u2019Ehlers-Danlos Non Vasculaires, synth\u00e8se \u00e0 destination du m\u00e9decin traitant :&nbsp;<br data-rich-text-line-break=\"true\"><a href=\"http:\/\/www.viensonsed89.fr\/wp-content\/uploads\/2023\/01\/synthese_PNDS_syndrome_d_ehlers_danlos_non_vasculaire_.pdf\" target=\"_blank\" rel=\"noopener noreferrer\">synth\u00e8se du PNDS<\/a>&nbsp;<br data-rich-text-line-break=\"true\">(synth\u00e8se r\u00e9dig\u00e9e par le Centre de R\u00e9f\u00e9rence des Maladies Osseuses Constitutionnelles (MOC), sous l\u2019\u00e9gide de la fili\u00e8re OSCAR en 2020)<\/p>\n\n\n\n<p><strong>Classification internationale des syndromes d&rsquo;Ehlers Danlos<\/strong> (en anglais) :<br data-rich-text-line-break=\"true\" \/><a href=\"http:\/\/www.viensonsed89.fr\/wp-content\/uploads\/2023\/01\/classification-internationale-des-symptomes.pdf\" target=\"_blank\" rel=\"noopener noreferrer\">Classification internationale<\/a><br data-rich-text-line-break=\"true\" \/>(article scientifique publi\u00e9 en 2017 : <span class=\"author\">Malfait F.,<\/span> <span class=\"author\">Francomano C. et al. ,<\/span>\u00a0 <span class=\"pubYear\">2017,<\/span> <em><span class=\"articleTitle\">The 2017 international classification of the Ehlers\u2013Danlos syndromes<\/span><\/em>, American Journal of Medical Genetics, https:\/\/doi.org\/10.1002\/ajmg.c.31552)<\/p>\n\n\n\n<p><strong>Statuts constitutifs de l&rsquo;association \u00ab\u00a0VIENS ON SED 89\u00a0\u00bb<\/strong> :<\/p>\n\n\n\n<p><a href=\"http:\/\/www.viensonsed89.fr\/wp-content\/uploads\/2020\/03\/statuts-sign\u00e9s.pdf\" data-type=\"URL\" data-id=\"http:\/\/www.viensonsed89.fr\/wp-content\/uploads\/2020\/03\/statuts-sign\u00e9s.pdf\" target=\"_blank\" rel=\"noreferrer noopener\">Statuts sign\u00e9s de l&rsquo;association<\/a><\/p>\n","protected":false},"excerpt":{"rendered":"<p>Synth\u00e8se du Protocole National de Diagnostic et de Soins (PNDS) du Syndromes d\u2019Ehlers-Danlos Non Vasculaires, synth\u00e8se \u00e0 destination du m\u00e9decin traitant :&nbsp;synth\u00e8se du PNDS&nbsp;(synth\u00e8se r\u00e9dig\u00e9e par le Centre de R\u00e9f\u00e9rence des Maladies Osseuses Constitutionnelles (MOC), sous l\u2019\u00e9gide de la fili\u00e8re OSCAR en 2020) Classification internationale des syndromes d&rsquo;Ehlers Danlos (en anglais) :Classification internationale(article scientifique publi\u00e9 [&hellip;]<\/p>\n","protected":false},"author":1,"featured_media":0,"parent":0,"menu_order":0,"comment_status":"closed","ping_status":"closed","template":"","meta":{"footnotes":""},"class_list":["post-28","page","type-page","status-publish","hentry"],"yoast_head":"<!-- This site is optimized with the Yoast SEO plugin v23.0 - https:\/\/yoast.com\/wordpress\/plugins\/seo\/ -->\n<title>Docs Officiels - Viens On SED 89<\/title>\n<meta name=\"robots\" content=\"index, follow, max-snippet:-1, max-image-preview:large, max-video-preview:-1\" \/>\n<link rel=\"canonical\" href=\"http:\/\/www.viensonsed89.fr\/index.php\/doc-officiels\/\" \/>\n<meta property=\"og:locale\" content=\"fr_FR\" \/>\n<meta property=\"og:type\" content=\"article\" \/>\n<meta property=\"og:title\" content=\"Docs Officiels - Viens On SED 89\" \/>\n<meta property=\"og:description\" content=\"Synth\u00e8se du Protocole National de Diagnostic et de Soins (PNDS) du Syndromes d\u2019Ehlers-Danlos Non Vasculaires, synth\u00e8se \u00e0 destination du m\u00e9decin traitant :&nbsp;synth\u00e8se du PNDS&nbsp;(synth\u00e8se r\u00e9dig\u00e9e par le Centre de R\u00e9f\u00e9rence des Maladies Osseuses Constitutionnelles (MOC), sous l\u2019\u00e9gide de la fili\u00e8re OSCAR en 2020) Classification internationale des syndromes d&rsquo;Ehlers Danlos (en anglais) :Classification internationale(article scientifique publi\u00e9 [&hellip;]\" \/>\n<meta property=\"og:url\" content=\"http:\/\/www.viensonsed89.fr\/index.php\/doc-officiels\/\" \/>\n<meta property=\"og:site_name\" content=\"Viens On SED 89\" \/>\n<meta property=\"article:modified_time\" content=\"2023-07-09T15:13:37+00:00\" \/>\n<meta name=\"twitter:card\" content=\"summary_large_image\" \/>\n<meta name=\"twitter:label1\" content=\"Dur\u00e9e de lecture estim\u00e9e\" \/>\n\t<meta name=\"twitter:data1\" content=\"1 minute\" \/>\n<script type=\"application\/ld+json\" class=\"yoast-schema-graph\">{\"@context\":\"https:\/\/schema.org\",\"@graph\":[{\"@type\":\"WebPage\",\"@id\":\"http:\/\/www.viensonsed89.fr\/index.php\/doc-officiels\/\",\"url\":\"http:\/\/www.viensonsed89.fr\/index.php\/doc-officiels\/\",\"name\":\"Docs Officiels - Viens On SED 89\",\"isPartOf\":{\"@id\":\"https:\/\/www.viensonsed89.fr\/#website\"},\"datePublished\":\"2020-03-06T11:04:27+00:00\",\"dateModified\":\"2023-07-09T15:13:37+00:00\",\"breadcrumb\":{\"@id\":\"http:\/\/www.viensonsed89.fr\/index.php\/doc-officiels\/#breadcrumb\"},\"inLanguage\":\"fr-FR\",\"potentialAction\":[{\"@type\":\"ReadAction\",\"target\":[\"http:\/\/www.viensonsed89.fr\/index.php\/doc-officiels\/\"]}]},{\"@type\":\"BreadcrumbList\",\"@id\":\"http:\/\/www.viensonsed89.fr\/index.php\/doc-officiels\/#breadcrumb\",\"itemListElement\":[{\"@type\":\"ListItem\",\"position\":1,\"name\":\"Accueil\",\"item\":\"https:\/\/www.viensonsed89.fr\/\"},{\"@type\":\"ListItem\",\"position\":2,\"name\":\"Docs Officiels\"}]},{\"@type\":\"WebSite\",\"@id\":\"https:\/\/www.viensonsed89.fr\/#website\",\"url\":\"https:\/\/www.viensonsed89.fr\/\",\"name\":\"Viens On SED 89\",\"description\":\"Syndrome Ehlers Danlos\",\"potentialAction\":[{\"@type\":\"SearchAction\",\"target\":{\"@type\":\"EntryPoint\",\"urlTemplate\":\"https:\/\/www.viensonsed89.fr\/?s={search_term_string}\"},\"query-input\":\"required name=search_term_string\"}],\"inLanguage\":\"fr-FR\"}]}<\/script>\n<!-- \/ Yoast SEO plugin. -->","yoast_head_json":{"title":"Docs Officiels - Viens On SED 89","robots":{"index":"index","follow":"follow","max-snippet":"max-snippet:-1","max-image-preview":"max-image-preview:large","max-video-preview":"max-video-preview:-1"},"canonical":"http:\/\/www.viensonsed89.fr\/index.php\/doc-officiels\/","og_locale":"fr_FR","og_type":"article","og_title":"Docs Officiels - Viens On SED 89","og_description":"Synth\u00e8se du Protocole National de Diagnostic et de Soins (PNDS) du Syndromes d\u2019Ehlers-Danlos Non Vasculaires, synth\u00e8se \u00e0 destination du m\u00e9decin traitant :&nbsp;synth\u00e8se du PNDS&nbsp;(synth\u00e8se r\u00e9dig\u00e9e par le Centre de R\u00e9f\u00e9rence des Maladies Osseuses Constitutionnelles (MOC), sous l\u2019\u00e9gide de la fili\u00e8re OSCAR en 2020) Classification internationale des syndromes d&rsquo;Ehlers Danlos (en anglais) :Classification internationale(article scientifique publi\u00e9 [&hellip;]","og_url":"http:\/\/www.viensonsed89.fr\/index.php\/doc-officiels\/","og_site_name":"Viens On SED 89","article_modified_time":"2023-07-09T15:13:37+00:00","twitter_card":"summary_large_image","twitter_misc":{"Dur\u00e9e de lecture estim\u00e9e":"1 minute"},"schema":{"@context":"https:\/\/schema.org","@graph":[{"@type":"WebPage","@id":"http:\/\/www.viensonsed89.fr\/index.php\/doc-officiels\/","url":"http:\/\/www.viensonsed89.fr\/index.php\/doc-officiels\/","name":"Docs Officiels - Viens On SED 89","isPartOf":{"@id":"https:\/\/www.viensonsed89.fr\/#website"},"datePublished":"2020-03-06T11:04:27+00:00","dateModified":"2023-07-09T15:13:37+00:00","breadcrumb":{"@id":"http:\/\/www.viensonsed89.fr\/index.php\/doc-officiels\/#breadcrumb"},"inLanguage":"fr-FR","potentialAction":[{"@type":"ReadAction","target":["http:\/\/www.viensonsed89.fr\/index.php\/doc-officiels\/"]}]},{"@type":"BreadcrumbList","@id":"http:\/\/www.viensonsed89.fr\/index.php\/doc-officiels\/#breadcrumb","itemListElement":[{"@type":"ListItem","position":1,"name":"Accueil","item":"https:\/\/www.viensonsed89.fr\/"},{"@type":"ListItem","position":2,"name":"Docs Officiels"}]},{"@type":"WebSite","@id":"https:\/\/www.viensonsed89.fr\/#website","url":"https:\/\/www.viensonsed89.fr\/","name":"Viens On SED 89","description":"Syndrome Ehlers Danlos","potentialAction":[{"@type":"SearchAction","target":{"@type":"EntryPoint","urlTemplate":"https:\/\/www.viensonsed89.fr\/?s={search_term_string}"},"query-input":"required name=search_term_string"}],"inLanguage":"fr-FR"}]}},"_links":{"self":[{"href":"https:\/\/www.viensonsed89.fr\/index.php\/wp-json\/wp\/v2\/pages\/28","targetHints":{"allow":["GET"]}}],"collection":[{"href":"https:\/\/www.viensonsed89.fr\/index.php\/wp-json\/wp\/v2\/pages"}],"about":[{"href":"https:\/\/www.viensonsed89.fr\/index.php\/wp-json\/wp\/v2\/types\/page"}],"author":[{"embeddable":true,"href":"https:\/\/www.viensonsed89.fr\/index.php\/wp-json\/wp\/v2\/users\/1"}],"replies":[{"embeddable":true,"href":"https:\/\/www.viensonsed89.fr\/index.php\/wp-json\/wp\/v2\/comments?post=28"}],"version-history":[{"count":15,"href":"https:\/\/www.viensonsed89.fr\/index.php\/wp-json\/wp\/v2\/pages\/28\/revisions"}],"predecessor-version":[{"id":245,"href":"https:\/\/www.viensonsed89.fr\/index.php\/wp-json\/wp\/v2\/pages\/28\/revisions\/245"}],"wp:attachment":[{"href":"https:\/\/www.viensonsed89.fr\/index.php\/wp-json\/wp\/v2\/media?parent=28"}],"curies":[{"name":"wp","href":"https:\/\/api.w.org\/{rel}","templated":true}]}}