{"id":145,"date":"2023-01-10T12:22:32","date_gmt":"2023-01-10T11:22:32","guid":{"rendered":"http:\/\/www.viensonsed89.fr\/?page_id=145"},"modified":"2023-06-11T20:37:55","modified_gmt":"2023-06-11T18:37:55","slug":"cafes-parole","status":"publish","type":"page","link":"https:\/\/www.viensonsed89.fr\/index.php\/cafes-parole\/","title":{"rendered":"Caf\u00e9s Parole pass\u00e9s"},"content":{"rendered":"\n<ul class=\"wp-block-list\">\n<li>27 mai 2023 &#8211; Th\u00e8me <strong>\u00ab\u00a0Cosm\u00e9tiques et SED\u00a0\u00bb<\/strong> par Mathilde, synth\u00e8se de ses essais et de ses recherches sur internet<br><a rel=\"noreferrer noopener\" aria-label=\" (s\u2019ouvre dans un nouvel onglet)\" href=\"http:\/\/www.viensonsed89.fr\/wp-content\/uploads\/2023\/01\/CR-Caf\u00e9-parole-orientation-11-06-22.pdf\" target=\"_blank\">Compte rendu Cosm\u00e9tiques<\/a>\n<ul class=\"wp-block-list\"><\/ul>\n<\/li>\n<\/ul>\n\n\n\n<ul class=\"wp-block-list\">\n<li>22 avril 2023 &#8211; <strong>R\u00e9union Di\u00e9t\u00e9tique<\/strong>, avec Marion DHONDT : l&rsquo;alimentation et le SED (le microbiote, l&rsquo;hyperperm\u00e9abilit\u00e9 intestinale, la micronutrition, la constipation&#8230;)<br>Document transmis par Mme DHONDT : <a rel=\"noreferrer noopener\" href=\"http:\/\/www.viensonsed89.fr\/wp-content\/uploads\/2023\/05\/Les-Intestins-et-le-SED22-04-2023.pdf\" target=\"_blank\">L&rsquo;alimentation et le SED<\/a> et <a rel=\"noreferrer noopener\" href=\"http:\/\/www.viensonsed89.fr\/wp-content\/uploads\/2023\/05\/Recettes-Intestins-et-SED-22-04-23.pdf\" target=\"_blank\">3 recettes SED-intestins<\/a> <\/li>\n<\/ul>\n\n\n\n<ul class=\"wp-block-list\">\n<li>25 mars 2023 &#8211;<strong> S\u00e9ance de sophrologie<\/strong><\/li>\n<\/ul>\n\n\n\n<ul class=\"wp-block-list\">\n<li><p><span style=\"font-size: revert; color: initial;\">28 janvier 2023 &#8211; <\/span><strong style=\"font-size: revert; color: initial;\">Pr\u00e9sentation d&rsquo;\u00e9quipements param\u00e9dicaux<\/strong><span style=\"font-size: revert; color: initial;\"> par \u00ab\u00a0SENS MEDICAL SERVICE\u00a0\u00bb (les d\u00e9clinaisons possibles de v\u00eatements compressifs, les attelles, les fauteuils&#8230;) et le partage de la galette.<\/span><\/p><\/li>\n<\/ul>\n\n\n\n<ul class=\"wp-block-list\">\n<li>11 juin 2022 &#8211;<strong> Th\u00e8me \u00ab\u00a0Orientation et adaptations scolaires\u00a0\u00bb <\/strong>: en pr\u00e9sence de Mme Keser, enseignante r\u00e9f\u00e9rente, pr\u00e9sentation de diff\u00e9rentes adaptations scolaires de l&rsquo;\u00e9cole au lyc\u00e9e et jusqu&rsquo;au sup\u00e9rieur <br><a rel=\"noreferrer noopener\" aria-label=\" (s\u2019ouvre dans un nouvel onglet)\" href=\"http:\/\/www.viensonsed89.fr\/wp-content\/uploads\/2023\/01\/CR-Caf\u00e9-parole-orientation-11-06-22.pdf\" target=\"_blank\">Compte rendu Orientation<\/a><\/li>\n<\/ul>\n","protected":false},"excerpt":{"rendered":"","protected":false},"author":1,"featured_media":0,"parent":0,"menu_order":0,"comment_status":"closed","ping_status":"closed","template":"","meta":{"footnotes":""},"class_list":["post-145","page","type-page","status-publish","hentry"],"yoast_head":"<!-- This site is optimized with the Yoast SEO plugin v23.0 - https:\/\/yoast.com\/wordpress\/plugins\/seo\/ -->\n<title>Caf\u00e9s Parole pass\u00e9s - Viens On SED 89<\/title>\n<meta name=\"robots\" content=\"index, follow, max-snippet:-1, max-image-preview:large, max-video-preview:-1\" \/>\n<link rel=\"canonical\" href=\"https:\/\/www.viensonsed89.fr\/index.php\/cafes-parole\/\" \/>\n<meta property=\"og:locale\" content=\"fr_FR\" \/>\n<meta property=\"og:type\" content=\"article\" \/>\n<meta property=\"og:title\" content=\"Caf\u00e9s Parole pass\u00e9s - Viens On SED 89\" \/>\n<meta property=\"og:url\" content=\"https:\/\/www.viensonsed89.fr\/index.php\/cafes-parole\/\" \/>\n<meta property=\"og:site_name\" content=\"Viens On SED 89\" \/>\n<meta property=\"article:modified_time\" content=\"2023-06-11T18:37:55+00:00\" \/>\n<meta name=\"twitter:card\" content=\"summary_large_image\" \/>\n<meta name=\"twitter:label1\" content=\"Dur\u00e9e de lecture estim\u00e9e\" \/>\n\t<meta name=\"twitter:data1\" content=\"1 minute\" \/>\n<script type=\"application\/ld+json\" class=\"yoast-schema-graph\">{\"@context\":\"https:\/\/schema.org\",\"@graph\":[{\"@type\":\"WebPage\",\"@id\":\"https:\/\/www.viensonsed89.fr\/index.php\/cafes-parole\/\",\"url\":\"https:\/\/www.viensonsed89.fr\/index.php\/cafes-parole\/\",\"name\":\"Caf\u00e9s Parole pass\u00e9s - Viens On SED 89\",\"isPartOf\":{\"@id\":\"https:\/\/www.viensonsed89.fr\/#website\"},\"datePublished\":\"2023-01-10T11:22:32+00:00\",\"dateModified\":\"2023-06-11T18:37:55+00:00\",\"breadcrumb\":{\"@id\":\"https:\/\/www.viensonsed89.fr\/index.php\/cafes-parole\/#breadcrumb\"},\"inLanguage\":\"fr-FR\",\"potentialAction\":[{\"@type\":\"ReadAction\",\"target\":[\"https:\/\/www.viensonsed89.fr\/index.php\/cafes-parole\/\"]}]},{\"@type\":\"BreadcrumbList\",\"@id\":\"https:\/\/www.viensonsed89.fr\/index.php\/cafes-parole\/#breadcrumb\",\"itemListElement\":[{\"@type\":\"ListItem\",\"position\":1,\"name\":\"Accueil\",\"item\":\"https:\/\/www.viensonsed89.fr\/\"},{\"@type\":\"ListItem\",\"position\":2,\"name\":\"Caf\u00e9s Parole pass\u00e9s\"}]},{\"@type\":\"WebSite\",\"@id\":\"https:\/\/www.viensonsed89.fr\/#website\",\"url\":\"https:\/\/www.viensonsed89.fr\/\",\"name\":\"Viens On SED 89\",\"description\":\"Syndrome Ehlers Danlos\",\"potentialAction\":[{\"@type\":\"SearchAction\",\"target\":{\"@type\":\"EntryPoint\",\"urlTemplate\":\"https:\/\/www.viensonsed89.fr\/?s={search_term_string}\"},\"query-input\":\"required name=search_term_string\"}],\"inLanguage\":\"fr-FR\"}]}<\/script>\n<!-- \/ Yoast SEO plugin. -->","yoast_head_json":{"title":"Caf\u00e9s Parole pass\u00e9s - Viens On SED 89","robots":{"index":"index","follow":"follow","max-snippet":"max-snippet:-1","max-image-preview":"max-image-preview:large","max-video-preview":"max-video-preview:-1"},"canonical":"https:\/\/www.viensonsed89.fr\/index.php\/cafes-parole\/","og_locale":"fr_FR","og_type":"article","og_title":"Caf\u00e9s Parole pass\u00e9s - Viens On SED 89","og_url":"https:\/\/www.viensonsed89.fr\/index.php\/cafes-parole\/","og_site_name":"Viens On SED 89","article_modified_time":"2023-06-11T18:37:55+00:00","twitter_card":"summary_large_image","twitter_misc":{"Dur\u00e9e de lecture estim\u00e9e":"1 minute"},"schema":{"@context":"https:\/\/schema.org","@graph":[{"@type":"WebPage","@id":"https:\/\/www.viensonsed89.fr\/index.php\/cafes-parole\/","url":"https:\/\/www.viensonsed89.fr\/index.php\/cafes-parole\/","name":"Caf\u00e9s Parole pass\u00e9s - Viens On SED 89","isPartOf":{"@id":"https:\/\/www.viensonsed89.fr\/#website"},"datePublished":"2023-01-10T11:22:32+00:00","dateModified":"2023-06-11T18:37:55+00:00","breadcrumb":{"@id":"https:\/\/www.viensonsed89.fr\/index.php\/cafes-parole\/#breadcrumb"},"inLanguage":"fr-FR","potentialAction":[{"@type":"ReadAction","target":["https:\/\/www.viensonsed89.fr\/index.php\/cafes-parole\/"]}]},{"@type":"BreadcrumbList","@id":"https:\/\/www.viensonsed89.fr\/index.php\/cafes-parole\/#breadcrumb","itemListElement":[{"@type":"ListItem","position":1,"name":"Accueil","item":"https:\/\/www.viensonsed89.fr\/"},{"@type":"ListItem","position":2,"name":"Caf\u00e9s Parole pass\u00e9s"}]},{"@type":"WebSite","@id":"https:\/\/www.viensonsed89.fr\/#website","url":"https:\/\/www.viensonsed89.fr\/","name":"Viens On SED 89","description":"Syndrome Ehlers Danlos","potentialAction":[{"@type":"SearchAction","target":{"@type":"EntryPoint","urlTemplate":"https:\/\/www.viensonsed89.fr\/?s={search_term_string}"},"query-input":"required name=search_term_string"}],"inLanguage":"fr-FR"}]}},"_links":{"self":[{"href":"https:\/\/www.viensonsed89.fr\/index.php\/wp-json\/wp\/v2\/pages\/145","targetHints":{"allow":["GET"]}}],"collection":[{"href":"https:\/\/www.viensonsed89.fr\/index.php\/wp-json\/wp\/v2\/pages"}],"about":[{"href":"https:\/\/www.viensonsed89.fr\/index.php\/wp-json\/wp\/v2\/types\/page"}],"author":[{"embeddable":true,"href":"https:\/\/www.viensonsed89.fr\/index.php\/wp-json\/wp\/v2\/users\/1"}],"replies":[{"embeddable":true,"href":"https:\/\/www.viensonsed89.fr\/index.php\/wp-json\/wp\/v2\/comments?post=145"}],"version-history":[{"count":19,"href":"https:\/\/www.viensonsed89.fr\/index.php\/wp-json\/wp\/v2\/pages\/145\/revisions"}],"predecessor-version":[{"id":240,"href":"https:\/\/www.viensonsed89.fr\/index.php\/wp-json\/wp\/v2\/pages\/145\/revisions\/240"}],"wp:attachment":[{"href":"https:\/\/www.viensonsed89.fr\/index.php\/wp-json\/wp\/v2\/media?parent=145"}],"curies":[{"name":"wp","href":"https:\/\/api.w.org\/{rel}","templated":true}]}}